derivative of j**3/3 - 5*j**2 + 6*j - 213391. Determine w(g).
6
Let p = 0 + 4. Suppose -17 = v - 4*h - h, p*v - 22 = 2*h. Let c(g) = 3 + 6 - g - 15 + v. Give c(4).
-2
Let t(v) = -1029 - 16*v + 31*v + 20*v - 26*v + 15*v. Calculate t(43).
3
Suppose -121*p + 123*p = -4*d - 34, 5*p = 3*d + 32. Let w(m) be the second derivative of m**4/12 + 4*m**3/3 - 3*m**2 - 2*m. Give w(d).
3
Let r(z) = -2*z**2 + 185*z - 26. Let a(y) = -3*y**2 + 311*y - 53. Let i(t) = 3*a(t) - 5*r(t). Determine i(-12).
19
Let f(a) be the first derivative of a**2/2 + a + 1. Let s(q) be the first derivative of q**3/3 + 8*q**2 + 43*q + 41. Let w be s(-4). Determine f(w).
-4
Let k(a) = -2 - 2*a + 1 + 6*a - a**2. Suppose -s - 2966 = -2968. Calculate k(s).
3
Let s(k) = 7*k**2 - 168*k - 35. Let g(l) = 20*l**2 - 480*l - 103. Let h(u) = 6*g(u) - 17*s(u). What is h(24)?
-23
Let w be (28/(-3))/((2/(-6))/((-33)/(-132))). Let y(u) = -u**3 + 5*u**2 + 13*u + 7. Give y(w).
0
Let m(f) = -2*f**2 - 4*f - 4. Let y be m(-3). Let x(v) = -4*v - 987. Let r(h) = -5*h - 1184. Let g(t) = -5*r(t) + 6*x(t). Determine g(y).
-12
Let y(j) = 2*j**3 + 2*j**2 - j - 1. Let k be ((-3)/12)/(-1)*0. Suppose k = 2*r - 22 + 26. Calculate y(r).
-7
Let f(r) = r**2 - 14*r + 11. Suppose 9*x + 28 = 14*x + k, -4*x + 16 = 4*k. Give f(x).
-37
Suppose 0 = 54*z - 20*z - 15334. Let o = z + -450. Let h(y) = 39*y. What is h(o)?
39
Let u(b) be the third derivative of b**5/40 - b**4/12 - 5*b**3/2 - 15*b**2 - 2*b. Let n(w) be the first derivative of u(w). Calculate n(-1).
-5
Suppose -4*k + 8 = 3*p, 3*p - 908*k + 2 = -910*k. Let x(l) = -21*l - 113. What is x(p)?
-29
Let d = 62 + -58. Let l be d - ((-5)/5 + 3). Suppose 4*t = 4, -5*q + 10*q + 33 = -l*t. Let w(o) = -o - 3. Determine w(q).
4
Let f(x) = 16*x + 91. Let l = -2410 - -2404. Calculate f(l).
-5
Let a(i) = 5*i**2 + 0*i**3 - 3*i**2 - 1 + 2*i**3. Let n(j) = -j**2 + j + 108. Let q be 20/(28/(-4) + 5). Let x be n(q). What is a(x)?
-9
Suppose -3*y - 17 = 109. Let d = 53 + y. Suppose -d + 7 = 2*v. Let o(l) = -l**2 + 3*l + 2. What is o(v)?
-8
Let p(c) = -3*c**2 - 22*c - 31. Let l(j) = -j**2 - 11*j - 15. Let a(x) = -5*l(x) + 2*p(x). Suppose -12*n - 20*n = -63 - 289. Calculate a(n).
13
Let u be 1 - 3/((-9)/15). Let o(k) = k**3 + 38*k**2 + u + 9*k - 3 - 29*k**2. Let p be o(-8). Let v(l) = l**2 + 3*l - 4. Give v(p).
6
Let a(w) = -w**3 + 36*w**2 - 27*w - 68. Let g be a(35). Let r(h) = 426*h + 2 - 213*h - g*h. Let i(b) = -b**2 + 7*b - 4. Let t be i(5). What is r(t)?
8
Let p be (-2)/(-2 - -4) - 0. Suppose 8*j + j - 288 = 0. Let f(m) = -m + 10*m**2 - j + 32 - 24*m**2. Calculate f(p).
-13
Let w be (-8)/52 - 1398/39. Let o = w - -38. Let f(n) = -3*n + 4*n + 2*n**o + 3*n + 4. Calculate f(-3).
10
Let k(a) be the first derivative of -7*a**2/2 + a - 105. Determine k(-2).
15
Let h(w) = -27*w**3 + w**2 - 1. Let f(g) be the second derivative of -5*g**3/3 + 71*g**2/2 + 19*g. Let v be f(7). Calculate h(v).
-27
Let o(l) = -l**3 - 8*l**2 + 4*l - 8. Let s = -9114 + 9105. Calculate o(s).
37
Let m = 21 + -15. Let w(y) be the third derivative of 13 + 0*y - 1/8*y**4 + 2*y**2 + 7/6*y**3. Give w(m).
-11
Let f(d) = d**2 - 23*d + 26. Let i = 22 - 0. What is f(i)?
4
Suppose 25 = -9*v - 11. Let q be (4 - 20)*2/v. Suppose 3 = z + q. Let p(i) = -4*i - 6. Determine p(z).
14
Let a(d) = d**3 - 9*d**2 + 6*d + 3. Suppose 4*b + u = 27, 0 = 14*b - 18*b + 3*u + 47. Give a(b).
-13
Suppose -2*j - 3*j = -f - 11, j = 4*f - 13. Let c(m) = 0*m + 0*m - f + m**2. Suppose 431*l + 88*l - 1013 - 3247 = -333*l. Give c(l).
21
Suppose 0 = -5*r + i - 4*i - 26, i - 18 = 5*r. Let k(u) = 17*u + 28. Let n be k(10). Let f(b) = -5*b**2 - 5*b + 103 - b**3 - n + 93. Give f(r).
2
Let m(s) = -2*s**2 - 2*s - 4. Let g be m(-4). Let t = g + 45. Let j(u) = -15*u + 33*u - 2 - t*u. Give j(3).
1
Suppose t = -3*p + 49, t + 7*p - 2*p = 43. Let r = t - 32. Suppose -8*u = r - 34. Let f(j) = 6*j**2 + 1. Determine f(u).
7
Let a(n) = 15*n**2 + n. Suppose 0 = 21*z + 25*z - 92. Suppose 2*k = -5*c - 3, -4*k + 5 + z = -3*c. Give a(c).
14
Let h(x) = 6*x - 5. Let u(s) be the first derivative of 7*s**2 - 12*s - 89. Let d(q) = -10*h(q) + 4*u(q). Give d(3).
-10
Let p(i) = 8440*i**3 + 8361*i**3 - 16891*i**3 + i**2. What is p(-1)?
91
Let h(t) be the second derivative of -t**4/12 + 5*t**3/2 + 9*t**2/2 - 3017*t. Give h(15).
9
Let p(y) = y**3 + 11*y**2 - 57*y + 29. Suppose -13*i - 1470 = -23*i + 108*i. What is p(i)?
-16
Let v(s) = s**3 - 12*s**2 - 15*s - 5. Let i(h) = 3*h**3 - 36*h**2 - 44*h - 15. Let g(t) = -3*i(t) + 8*v(t). Calculate g(13).
-8
Let a(l) = -27*l + 3. Let u be a(0). Let d(o) = u*o - 42 + 8*o + o**2 + 33. Calculate d(-12).
3
Suppose 36*u - 244 = 67*u + 128. Let n(b) = b**2 + 13*b + 30. What is n(u)?
18
Let t(d) = 11*d**2 - d**3 + 4357*d - 8 + 4344*d - 4 - 8729*d. What is t(6)?
0
Let i(g) be the first derivative of 1/20*g**5 + 2/3*g**3 + 19*g - 2*g**2 + 5 - 1/4*g**4. Let z(s) be the first derivative of i(s). Determine z(3).
8
Suppose -53 - 227 = 73*v + 815. Let z(y) = 16*y + 242. Determine z(v).
2
Let w(o) = -16*o - 2 + 6 - 16*o - 7*o + 41*o. Calculate w(-12).
-20
Let f(v) = v**3 + 8*v**2 - v - 10. Let b(j) = 2*j - 3. Let u be b(4). Suppose -5*s - 60 = 5*y - s, s + u = 0. Calculate f(y).
-2
Let n be 1*9/6*(-1540)/(-42). Let j be (n - 54) + 6/1. Let p(x) = x**2 - 6*x + 6. What is p(j)?
13
Let w = -2040 + 2054. Let u(c) = -3*c - 19. Calculate u(w).
-61
Let i(q) = -71*q**2 - 27*q - 73. Let p(k) = 61*k**2 + 26*k + 72. Let j(z) = 6*i(z) + 7*p(z). Give j(-4).
2
Let r(k) = -6*k + 42. Let a be (107/6 + (-2)/6)*(-164)/(-205). Give r(a).
-42
Let m(x) = -x + 11. Let k be m(0). Suppose -p - 5 = -k. Let y(a) be the first derivative of -a**4/4 + 7*a**3/3 - 5*a**2/2 + 2*a + 65. What is y(p)?
8
Let h(d) = d**3 + 12*d**2 - 29*d - 10. Suppose 5*v = 8*u - 14, -3*v - 2*u = -5*u + 21. Determine h(v).
4
Let o(t) be the third derivative of t**5/60 - 13*t**4/24 + 7*t**3/2 - 2*t**2 + 663. Determine o(11).
-1
Let d(t) = t**2 + 4*t - 5. Let x be d(-5). Suppose -5*s + 6*z + 26 = 2*z, 0 = 3*z + 12. Let u(q) = 2 + q - 8 + q**3 + 35 - q**s - 2*q. Calculate u(x).
29
Let n(w) be the first derivative of -w**4/4 + 13*w**3/3 + 6*w**2 + 29*w + 1863. Determine n(14).
1
Let h(u) = 3*u**3 - 5*u**2 + 8*u - 2. Let y(f) = f**3 + 5*f**2 + 25*f + 41. Let s be y(-2). What is h(s)?
58
Let l(j) = 713*j - 16393. Let d be l(23). Let o(u) = -u**3 + 9*u**2 - 18*u. What is o(d)?
0
Let c(q) = 68*q + 70*q - 144*q - 58. Calculate c(-5).
-28
Let n(t) = 11*t**2 + 22*t - 13. Let k(h) = -14*h + 16. Let l(w) = w**2 - w + 2. Let z(g) = -k(g) + 5*l(g). Let s(r) = -4*n(r) + 9*z(r). What is s(9)?
16
Let f(l) = -9*l**2. Let m(w) be the third derivative of 0*w**3 + 0 + 0*w**4 + 0*w + 1/60*w**5 - 21*w**2. Let k(u) = -f(u) - 18*m(u). Determine k(-1).
-9
Suppose -2 = j, 2*v - 2*j - 8 = 6. Let o(z) = -4*z - 119. Let h(r) = 14. Let p(d) = 9*h(d) + o(d). Determine p(v).
-13
Suppose -4*m + 5*g + 598 - 192 = 0, 2*m + 5*g - 188 = 0. Suppose 3*d + m = -6*d. Let k(i) = -i**2 - 12*i - 9. Determine k(d).
2
Let c(n) be the third derivative of -n**6/120 - n**5/12 + 5*n**4/24 + n**3/3 - 2337*n**2. Determine c(-7).
65
Let v(z) = -11*z**2 + 3*z - 1. Let b(x) = 67*x**2 - 14*x - 15. Let n(g) = b(g) + 6*v(g). What is n(-4)?
-21
Let u(x) = -x**2 + 5*x - 4. Let h be (-8)/(-16)*(1 - -7). Let i be (-1 - 15)*(h/2)/(-8). Give u(i).
0
Let d(u) = u - 1. Let f(s) = s**2 + s - 13. Let p(a) = 3*d(a) - f(a). Give p(0).
10
Suppose -4*l = r - 9*l + 360, r = -5*l - 320. Let x = 344 + r. Let d(k) be the third derivative of k**6/120 - k**5/12 + k**4/6 + k**3/3 - k**2. Determine d(x).
2
Suppose -3*l = 4*j - 45, -j - 2 - 1 = -4*l. Let a be ((-4)/(-6))/(-3 - 92/(-30)). Let s(p) = -6*p - 23 + a + 7*p. What is s(j)?
-4
Let l(v) = -v + 11. Let r(d) = -3*d**2 - 38*d - 7. Let x be r(-12). Suppose -36*s + x = -415. Determine l(s).
-1
Let p(k) be the second derivative of 1/2*k**2 - 1/4*k**4 + 9*k + 2/3*k**3 - 2. What is p(3)?
-14
Let l(n) = -287*n - 35863. Let r be l(-125). Let o(m) = 3*m + m - 20 - 2*m. Give o(r).
4
Let s(f) be the first derivative of -7*f**4/4 - f**3/3 - f**2/2 + 5505. Suppose v + 3*v = -4. What is s(v)?
7
Let i(z) be the second derivative of z**5/20 + 5*z**2/2 - 1561*z. Determine i(-3).
-22
Let g(i) be the second derivative of i**4/6 - 13*i**3/3 - 27*i**2/2